ose -3*t = i - 16, -4*i + 0*t = -n*t - 50. What is the units digit of i?
3
Let a be 18/(-72) + 4290/8. Suppose -t = 7*t - a. What is the tens digit of t?
6
Let l = -14 + 22. Suppose 0 = -u + 3*s - 3, 6*u + 5*s = 5*u + 13. Suppose -l*f + u*f = -150. What is the tens digit of f?
3
Suppose 10513 = 5*c - 3*r, 9*c - 2*r = 6*c + 6307. What is the hundreds digit of c?
1
Suppose -4*r + 5*i + 1289 = -0*r, i = -4*r + 1259. Suppose -2*n - r - 132 = 0. What is the tens digit of -3*1/(12/n)?
5
Let v(q) = 23*q - 13. Let o be v(-6). Let x = 25 - o. What is the units digit of x?
6
Let t = 7 + -8. Let f be (5 - t)/(3/2). What is the units digit of f/1 + -3 - -3?
4
Let s = 37 - -1. What is the tens digit of s/5*(17 - 9/(-3))?
5
What is the hundreds digit of (-626*5/20)/(5/(-10))?
3
Let u = 8599 + -5148. What is the tens digit of u?
5
Let q = -828 - -1609. What is the units digit of q?
1
Let m = 214 - -916. What is the hundreds digit of m?
1
Suppose 0 = 4*r + 2*c + 174, -c - 2*c + 54 = -r. Let v = -34 - r. What is the tens digit of v?
1
Let g = 707 + -360. What is the tens digit of g?
4
Let n(l) = 7 + 408*l + 3 - 414*l. What is the units digit of n(-6)?
6
Let h be 48/32*2344/(-6). Let d = h + 922. What is the units digit of d?
6
Suppose -3 + 1 = k - 4*b, 3*k + 2*b - 8 = 0. Suppose k*z + 28 = 572. Suppose 5*n - n = z. What is the units digit of n?
8
Suppose 2*d = -2*w - 0*w + 1650, 15 = -5*w. What is the hundreds digit of d?
8
Let j(t) = -t - 1. Let v(n) = 4*n + 1. Let s(g) = -5*j(g) - v(g). Let x be s(-8). What is the units digit of (-47)/(-7) + x/(-14)?
7
Let m = -10 + 12. Suppose m*k = k + 85. Let q = -47 + k. What is the tens digit of q?
3
Let t(q) = 3*q**2 + 15*q - 402. What is the hundreds digit of t(-30)?
8
Let h(j) = -13*j**3 - 11*j + 5*j**3 - 9 - 9*j**2 + 9*j**3. What is the units digit of h(11)?
2
Suppose -4*v + 169 = -5*g, 3*v - 4*g - 133 = g. What is the tens digit of v?
3
Suppose 5*r = y + 20, 4*y + 0*r + 126 = -3*r. Let z = y - -83. What is the units digit of z*(5 - 4) - -3?
6
Let y be 46/12 + (-2)/(-12). Let j be (5/y)/(3/(-156)). Let t = -37 - j. What is the units digit of t?
8
Let t(b) = b**3 + 8*b**2 + 5*b - 10. Suppose -13 = -2*m + 4*m + s, 2*m + 2*s = -12. What is the units digit of t(m)?
4
Suppose -17*t + 14*t = -474. What is the hundreds digit of t?
1
What is the units digit of 3*(10/(-15) + 0) - -360?
8
Let t(u) = 10 - 24 + 9*u**2 - 52*u - u**3 + 46*u. Suppose -2*j = 0, 6*j - 30 = -5*k + j. What is the tens digit of t(k)?
5
Let o be 0 - (-4)/(12/9). Suppose 3*s + 96 = -o*k, -k - 3*k + s = 123. Let n = k - -74. What is the tens digit of n?
4
Let w(o) = 10*o**3 + 7*o**2 - 12*o + 12. What is the hundreds digit of w(5)?
3
Suppose 0*q + 4*q - 8 = 0. Suppose 0 = 4*b - 3*u - 424, 0 = -b + u + q*u + 97. Let w = -57 + b. What is the tens digit of w?
5
Suppose -f + 1753 = -2*c, f - 318 - 1437 = 3*c. What is the hundreds digit of f?
7
Suppose 9*r = 12*r - 1293. Suppose s - r = -7*d + 2*d, -2*d + 186 = -3*s. What is the units digit of d?
7
Suppose 102 = 2*x - u, -4*u - 159 = -5*x + 93. What is the tens digit of x?
5
Let r(y) be the first derivative of y**3/3 - 3*y**2 - 5*y + 9. What is the units digit of r(10)?
5
Let x = 26 - 25. Let z(r) = r**3 - 3*r + 2. Let d be z(x). Suppose -3*n + 0*n + 15 = d. What is the units digit of n?
5
Suppose 407 = 2*a + 87. Suppose 4*i = 8*i - a. What is the tens digit of i?
4
Let d(r) = -r**3 + 18*r**2 + 11. Let i be d(18). Let l(a) = -a**2 + 18*a - 10. What is the units digit of l(i)?
7
Suppose -4*o = -2*k + 6*k - 1492, -o + 5*k + 349 = 0. What is the tens digit of o?
6
Let o(x) = -16*x + 1. Let d be o(-14). Let v = -101 + d. What is the tens digit of v?
2
Let b be 387/9 - (-4)/1. Let k = -26 + b. What is the units digit of k?
1
Suppose 4*g + 0*g = 196. What is the tens digit of 10*6/15 + g?
5
Suppose 3*q = 7*q - 6*q. What is the units digit of 0 - 36/(q + -2)?
8
Suppose 3*p = -p - h + 16, -4 = -h. Suppose 0 = p*m - 9*m + 120. Let r = m + -9. What is the units digit of r?
1
Suppose -11*g + 2943 = -2*g. Let p = g + -100. What is the units digit of p?
7
Let r = 41 + -43. Suppose f + 0*h + 16 = 5*h, 5*f - 4*h - 4 = 0. What is the units digit of (1/r)/(f/(-320))?
0
Suppose 444 = 11*g - 8*g. What is the tens digit of g?
4
Suppose -5*w = -2*w - 69. Let p = w + -2. What is the units digit of p?
1
Let m be (6 - 2)/(-4)*221. Let g = m - -343. What is the units digit of g?
2
Suppose 7*g + 3 - 31 = 0. Let p = 28 - 24. Suppose p = -g*w, -3*s - 3*w = -4*w - 31. What is the units digit of s?
0
Let u = 14 - 17. Let v be (-4)/(-6)*u/(-2). What is the units digit of v + 0 + (-21)/(-3)?
8
Suppose -9 + 1 = -4*f. Suppose 2*h + 4*g + 0*g + 10 = 0, 14 = -4*h - f*g. Let r = h - -17. What is the units digit of r?
4
Suppose -5*y = -2*y + 249. Let g = 117 + y. What is the units digit of g?
4
Let n(g) = -3*g - 33. Let c(s) = 1. Let u(a) = -4*c(a) - n(a). Let q be u(-9). Suppose -q*z = -z - 11. What is the units digit of z?
1
Let s(g) = -g**3 - 37*g**2 + 72*g + 22. What is the units digit of s(-39)?
6
Let n = 438 - 186. What is the units digit of n?
2
Suppose v - 4*w = 214, v + 2*w = -2*v + 684. What is the hundreds digit of v?
2
Suppose 4*g = -y + 24, 39 = 5*g + 14. Suppose -5*k = 3*r + 45, k + 11 = -y*r - 15. What is the units digit of (-229)/k - 2/12?
8
Let i(w) = 191*w**3 - w**2 - 2*w + 4. What is the thousands digit of i(2)?
1
Suppose 0 = -7*y + 5181 - 1534. What is the tens digit of y?
2
Let m = -105 + 105. Suppose -3*h - 495 = -m*q - 4*q, 0 = 5*q + h - 633. What is the hundreds digit of q?
1
Let b be (-136)/3*(-3)/2. Suppose -5*c = -298 + b. What is the units digit of c?
6
Suppose -3*g + 24 = 3*g. What is the tens digit of (g/6)/(5 + 1884/(-378))?
4
Suppose -2*m - 195 = -1029. What is the hundreds digit of m?
4
Suppose -27*k + 2008 + 1124 = 0. What is the hundreds digit of k?
1
Let s(x) = 3*x**2 - 19*x + 6. What is the tens digit of s(-9)?
2
Let b = 1629 + -452. What is the units digit of b?
7
Let o = -115 + 119. Let u(l) = -9*l**3 + 2*l + 1. Let k be u(-1). Let f = k + o. What is the tens digit of f?
1
Let k = 1222 - 555. What is the tens digit of k?
6
Let b(o) = 4*o. Suppose 4*n + 3*c - 32 = -1, -3*n = -2*c - 2. What is the tens digit of b(n)?
1
Let v = -122 + 126. Suppose -t + 185 = 4*r, 3*r + v*t - 111 = 44. What is the tens digit of r?
4
Let m be (-1749)/(-15) - 4/(-10). Suppose 5*b = -2*n + m, n + n + 8 = 0. Let r = b + 0. What is the tens digit of r?
2
Let r = 7 - 0. Suppose 356 = -3*k + r*k. What is the tens digit of k?
8
Let f(m) = -m**3 + 6*m**2 + 2*m - 9. Let w be f(6). Let d(x) = -x**2 + x + 1. Let u be d(w). What is the units digit of (-87)/(-5) - (-2)/u?
7
Let j(f) = 2*f**2 - 4*f - 17. What is the hundreds digit of j(-11)?
2
Let f = 644 + -188. What is the tens digit of f?
5
Let m = -269 - -411. Suppose 3*b - m = -5*g + b, -5*g = -b - 154. What is the tens digit of g?
3
Suppose -3*i = 5*u - 19, 2*u - i = 10 + 2. Suppose -4*v = u*s + 32, -s - 3*v = -6*s - 11. What is the units digit of (s/8)/1*-44?
2
What is the units digit of -1 + 2804 - (-3 + -8 + 16)?
8
Suppose -2*a - 3*i + 236 = 0, 26*a - 2*i - 125 = 25*a. What is the units digit of a?
1
Let q = 119 + -49. What is the units digit of q + ((-2)/4)/(5/(-20))?
2
Let q(t) = 4*t**3 + 4*t**2 - 3*t + 6. Let r be q(3). What is the tens digit of 5*r*2/15?
9
Let q(x) = x**3 + 5*x**2 + 2*x + 6. Let n = -1 - -1. Suppose 0 = 3*u + 3*z + 12, n = 2*z + 2. What is the units digit of q(u)?
8
Suppose -93601 = -44*t + 46407. What is the thousands digit of t?
3
Let k be (-97 - (-2 - -3))*1. Let h = k - -143. What is the tens digit of h?
4
Let x = -2 + 6. Suppose 5*v + 0*j - 3*j + 175 = 0, -5*v - x*j = 140. Let y = 62 + v. What is the units digit of y?
0
Let j = -37 - -40. Suppose 0*m - j*m = -81. What is the units digit of m?
7
Let n = 326 + 58. Suppose -5*y + 3*y = -n. What is the tens digit of y?
9
Let f be 60/50*10/6. Let z = f + 36. What is the units digit of z?
8
Let j = -6179 + 9226. What is the tens digit of j?
4
Let x be (-9)/(-3) - (-2 + 2). Let h = 11 + x. What is the units digit of h?
4
Suppose 4*l = -5*h + 5265, 3*l - 72*h - 3954 = -74*h. What is the tens digit of l?
2
What is the tens digit of (-186682)/(-124)*2*1?
1
What is the tens digit of ((-34)/6)/((-6)/342)?
2
Let a = 30